[INFO] cloning repository https://github.com/2garryn/newsfeed
[INFO] running `Command { std: "git" "-c" "credential.helper=" "-c" "credential.helper=/workspace/cargo-home/bin/git-credential-null" "clone" "--bare" "https://github.com/2garryn/newsfeed" "/workspace/cache/git-repos/https%3A%2F%2Fgithub.com%2F2garryn%2Fnewsfeed", kill_on_drop: false }`
[INFO] [stderr] Cloning into bare repository '/workspace/cache/git-repos/https%3A%2F%2Fgithub.com%2F2garryn%2Fnewsfeed'...
[INFO] running `Command { std: "git" "rev-parse" "HEAD", kill_on_drop: false }`
[INFO] [stdout] c0e98b2ee6a5d8143aa7d10951ed681c23006296
[INFO] building 2garryn/newsfeed against master#881c1ac408d93bb7adaa3a51dabab9266e82eee8 for issue-85264
[INFO] running `Command { std: "git" "clone" "/workspace/cache/git-repos/https%3A%2F%2Fgithub.com%2F2garryn%2Fnewsfeed" "/workspace/builds/worker-10/source", kill_on_drop: false }`
[INFO] [stderr] Cloning into '/workspace/builds/worker-10/source'...
[INFO] [stderr] done.
[INFO] validating manifest of git repo https://github.com/2garryn/newsfeed on toolchain 881c1ac408d93bb7adaa3a51dabab9266e82eee8
[INFO] running `Command { std: "/workspace/cargo-home/bin/cargo" "+881c1ac408d93bb7adaa3a51dabab9266e82eee8" "metadata" "--manifest-path" "Cargo.toml" "--no-deps", kill_on_drop: false }`
[INFO] started tweaking git repo https://github.com/2garryn/newsfeed
[INFO] finished tweaking git repo https://github.com/2garryn/newsfeed
[INFO] tweaked toml for git repo https://github.com/2garryn/newsfeed written to /workspace/builds/worker-10/source/Cargo.toml
[INFO] crate git repo https://github.com/2garryn/newsfeed already has a lockfile, it will not be regenerated
[INFO] running `Command { std: "/workspace/cargo-home/bin/cargo" "+881c1ac408d93bb7adaa3a51dabab9266e82eee8" "fetch" "--manifest-path" "Cargo.toml", kill_on_drop: false }`
[INFO] running `Command { std: "docker" "create" "-v" "/var/lib/crater-agent-workspace/builds/worker-10/target:/opt/rustwide/target:rw,Z" "-v" "/var/lib/crater-agent-workspace/builds/worker-10/source:/opt/rustwide/workdir:ro,Z" "-v" "/var/lib/crater-agent-workspace/cargo-home:/opt/rustwide/cargo-home:ro,Z" "-v" "/var/lib/crater-agent-workspace/rustup-home:/opt/rustwide/rustup-home:ro,Z" "-e" "SOURCE_DIR=/opt/rustwide/workdir" "-e" "CARGO_TARGET_DIR=/opt/rustwide/target" "-e" "CARGO_HOME=/opt/rustwide/cargo-home" "-e" "RUSTUP_HOME=/opt/rustwide/rustup-home" "-w" "/opt/rustwide/workdir" "-m" "1610612736" "--user" "0:0" "--network" "none" "ghcr.io/rust-lang/crates-build-env/linux@sha256:20528e8c29e4536546f0102ce88568b16ea7538393a33fcca951030f7af10457" "/opt/rustwide/cargo-home/bin/cargo" "+881c1ac408d93bb7adaa3a51dabab9266e82eee8" "metadata" "--no-deps" "--format-version=1", kill_on_drop: false }`
[INFO] [stdout] b8e44409bbdcb941eb692bfdaf9bb0286cbe9cd2c9fbf2a44426473b39846efd
[INFO] [stderr] WARNING: Your kernel does not support swap limit capabilities or the cgroup is not mounted. Memory limited without swap.
[INFO] running `Command { std: "docker" "start" "-a" "b8e44409bbdcb941eb692bfdaf9bb0286cbe9cd2c9fbf2a44426473b39846efd", kill_on_drop: false }`
[INFO] running `Command { std: "docker" "inspect" "b8e44409bbdcb941eb692bfdaf9bb0286cbe9cd2c9fbf2a44426473b39846efd", kill_on_drop: false }`
[INFO] running `Command { std: "docker" "rm" "-f" "b8e44409bbdcb941eb692bfdaf9bb0286cbe9cd2c9fbf2a44426473b39846efd", kill_on_drop: false }`
[INFO] [stdout] b8e44409bbdcb941eb692bfdaf9bb0286cbe9cd2c9fbf2a44426473b39846efd
[INFO] running `Command { std: "docker" "create" "-v" "/var/lib/crater-agent-workspace/builds/worker-10/target:/opt/rustwide/target:rw,Z" "-v" "/var/lib/crater-agent-workspace/builds/worker-10/source:/opt/rustwide/workdir:ro,Z" "-v" "/var/lib/crater-agent-workspace/cargo-home:/opt/rustwide/cargo-home:ro,Z" "-v" "/var/lib/crater-agent-workspace/rustup-home:/opt/rustwide/rustup-home:ro,Z" "-e" "SOURCE_DIR=/opt/rustwide/workdir" "-e" "CARGO_TARGET_DIR=/opt/rustwide/target" "-e" "CARGO_INCREMENTAL=0" "-e" "RUST_BACKTRACE=full" "-e" "RUSTFLAGS=--cap-lints=forbid" "-e" "CARGO_HOME=/opt/rustwide/cargo-home" "-e" "RUSTUP_HOME=/opt/rustwide/rustup-home" "-w" "/opt/rustwide/workdir" "-m" "1610612736" "--user" "0:0" "--network" "none" "ghcr.io/rust-lang/crates-build-env/linux@sha256:20528e8c29e4536546f0102ce88568b16ea7538393a33fcca951030f7af10457" "/opt/rustwide/cargo-home/bin/cargo" "+881c1ac408d93bb7adaa3a51dabab9266e82eee8" "build" "--frozen" "--message-format=json", kill_on_drop: false }`
[INFO] [stdout] 208438c4bb63a49fdadf42bea5a08eaf88fa7513634e5bcdaa0726f2527426ba
[INFO] [stderr] WARNING: Your kernel does not support swap limit capabilities or the cgroup is not mounted. Memory limited without swap.
[INFO] running `Command { std: "docker" "start" "-a" "208438c4bb63a49fdadf42bea5a08eaf88fa7513634e5bcdaa0726f2527426ba", kill_on_drop: false }`
[INFO] [stderr]     Blocking waiting for file lock on package cache
[INFO] [stderr]    Compiling autocfg v0.1.2
[INFO] [stderr]    Compiling libc v0.2.55
[INFO] [stderr]    Compiling num-traits v0.2.6
[INFO] [stderr]    Compiling serde v1.0.91
[INFO] [stderr]    Compiling num-integer v0.1.39
[INFO] [stderr]    Compiling rand_chacha v0.1.1
[INFO] [stderr]    Compiling rand_pcg v0.1.2
[INFO] [stderr]    Compiling rand v0.6.5
[INFO] [stderr]    Compiling rand_os v0.1.3
[INFO] [stderr]    Compiling time v0.1.42
[INFO] [stderr]    Compiling chrono v0.4.6
[INFO] [stderr]    Compiling uuid v0.7.4
[INFO] [stderr]    Compiling newsfeed v0.1.0 (/opt/rustwide/workdir)
[INFO] [stdout] error[E0583]: file not found for module `wal`
[INFO] [stdout]   --> src/chunked_store/mod.rs:15:1
[INFO] [stdout]    |
[INFO] [stdout] 15 | mod wal;
[INFO] [stdout]    | ^^^^^^^^
[INFO] [stdout]    |
[INFO] [stdout]    = help: to create the module `wal`, create file "src/chunked_store/wal.rs" or "src/chunked_store/wal/mod.rs"
[INFO] [stdout] 
[INFO] [stdout] 
[INFO] [stdout] error[E0252]: the name `Result` is defined multiple times
[INFO] [stdout]  --> src/follow/mod.rs:1:47
[INFO] [stdout]   |
[INFO] [stdout] 1 | use std::io::{ErrorKind, Result, Write, Read, Result};
[INFO] [stdout]   |                          ------               ^^^^^^ `Result` reimported here
[INFO] [stdout]   |                          |
[INFO] [stdout]   |                          previous import of the type `Result` here
[INFO] [stdout]   |
[INFO] [stdout]   = note: `Result` must be defined only once in the type namespace of this module
[INFO] [stdout] 
[INFO] [stdout] 
[INFO] [stdout] error[E0432]: unresolved import `wal::Wal`
[INFO] [stdout]   --> src/chunked_store/mod.rs:18:5
[INFO] [stdout]    |
[INFO] [stdout] 18 | use wal::Wal;
[INFO] [stdout]    |     ^^^^^^^^ no `Wal` in `chunked_store::wal`
[INFO] [stdout] 
[INFO] [stdout] 
[INFO] [stdout] warning: unused import: `FeedId`
[INFO] [stdout]  --> src/store/mod.rs:3:45
[INFO] [stdout]   |
[INFO] [stdout] 3 | use crate::activity::{Activity, ActivityId, FeedId, Filter};
[INFO] [stdout]   |                                             ^^^^^^
[INFO] [stdout]   |
[INFO] [stdout]   = note: `#[warn(unused_imports)]` on by default
[INFO] [stdout] 
[INFO] [stdout] 
[INFO] [stdout] warning: unused imports: `File`, `Metadata`, `OpenOptions`
[INFO] [stdout]  --> src/chunked_store/mod.rs:2:15
[INFO] [stdout]   |
[INFO] [stdout] 2 | use std::fs::{File, OpenOptions, Metadata};
[INFO] [stdout]   |               ^^^^  ^^^^^^^^^^^  ^^^^^^^^
[INFO] [stdout] 
[INFO] [stdout] 
[INFO] [stdout] warning: unused imports: `ErrorKind`, `SeekFrom`, `Seek`
[INFO] [stdout]  --> src/chunked_store/mod.rs:3:23
[INFO] [stdout]   |
[INFO] [stdout] 3 | use std::io::{Result, Seek, ErrorKind, SeekFrom};
[INFO] [stdout]   |                       ^^^^  ^^^^^^^^^  ^^^^^^^^
[INFO] [stdout] 
[INFO] [stdout] 
[INFO] [stdout] warning: unused import: `std::ops::Drop`
[INFO] [stdout]  --> src/chunked_store/mod.rs:4:5
[INFO] [stdout]   |
[INFO] [stdout] 4 | use std::ops::Drop;
[INFO] [stdout]   |     ^^^^^^^^^^^^^^
[INFO] [stdout] 
[INFO] [stdout] 
[INFO] [stdout] warning: unused imports: `ActivityList`, `PaginationRequest`, `RelativeRequest`, `StoreCall`
[INFO] [stdout]  --> src/chunked_store/mod.rs:6:5
[INFO] [stdout]   |
[INFO] [stdout] 6 |     RelativeRequest, 
[INFO] [stdout]   |     ^^^^^^^^^^^^^^^
[INFO] [stdout] 7 |     PaginationRequest,
[INFO] [stdout]   |     ^^^^^^^^^^^^^^^^^
[INFO] [stdout] 8 |     ActivityList,
[INFO] [stdout]   |     ^^^^^^^^^^^^
[INFO] [stdout] 9 |     StoreCall
[INFO] [stdout]   |     ^^^^^^^^^
[INFO] [stdout] 
[INFO] [stdout] 
[INFO] [stdout] warning: unused import: `ActivityId`
[INFO] [stdout]   --> src/chunked_store/mod.rs:11:41
[INFO] [stdout]    |
[INFO] [stdout] 11 | use crate::activity::{FeedId, Activity, ActivityId};
[INFO] [stdout]    |                                         ^^^^^^^^^^
[INFO] [stdout] 
[INFO] [stdout] 
[INFO] [stdout] warning: unused imports: `ActivityId`, `Activity`
[INFO] [stdout]  --> src/chunked_store/page_index.rs:2:31
[INFO] [stdout]   |
[INFO] [stdout] 2 | use crate::activity::{FeedId, Activity, ActivityId};
[INFO] [stdout]   |                               ^^^^^^^^  ^^^^^^^^^^
[INFO] [stdout] 
[INFO] [stdout] 
[INFO] [stdout] warning: unused import: `PathBuf`
[INFO] [stdout]  --> src/chunked_store/page_index.rs:3:23
[INFO] [stdout]   |
[INFO] [stdout] 3 | use std::path::{Path, PathBuf};
[INFO] [stdout]   |                       ^^^^^^^
[INFO] [stdout] 
[INFO] [stdout] 
[INFO] [stdout] warning: unused import: `Read`
[INFO] [stdout]  --> src/chunked_store/page_index.rs:4:15
[INFO] [stdout]   |
[INFO] [stdout] 4 | use std::io::{Read, Result};
[INFO] [stdout]   |               ^^^^
[INFO] [stdout] 
[INFO] [stdout] 
[INFO] [stdout] warning: unused imports: `ActivityId`, `Activity`
[INFO] [stdout]  --> src/chunked_store/pages.rs:2:31
[INFO] [stdout]   |
[INFO] [stdout] 2 | use crate::activity::{FeedId, Activity, ActivityId};
[INFO] [stdout]   |                               ^^^^^^^^  ^^^^^^^^^^
[INFO] [stdout] 
[INFO] [stdout] 
[INFO] [stdout] warning: unused import: `PathBuf`
[INFO] [stdout]  --> src/chunked_store/pages.rs:3:23
[INFO] [stdout]   |
[INFO] [stdout] 3 | use std::path::{Path, PathBuf};
[INFO] [stdout]   |                       ^^^^^^^
[INFO] [stdout] 
[INFO] [stdout] 
[INFO] [stdout] warning: unused imports: `ErrorKind`, `Result`, `Write`
[INFO] [stdout]  --> src/follow/mod.rs:1:15
[INFO] [stdout]   |
[INFO] [stdout] 1 | use std::io::{ErrorKind, Result, Write, Read, Result};
[INFO] [stdout]   |               ^^^^^^^^^          ^^^^^        ^^^^^^
[INFO] [stdout] 
[INFO] [stdout] 
[INFO] [stdout] warning: trait objects without an explicit `dyn` are deprecated
[INFO] [stdout]  --> src/follow/mod.rs:7:36
[INFO] [stdout]   |
[INFO] [stdout] 7 |     pub fn read_from_file(reader: &Read) -> Result<Followers> {
[INFO] [stdout]   |                                    ^^^^ help: use `dyn`: `dyn Read`
[INFO] [stdout]   |
[INFO] [stdout]   = note: `#[warn(bare_trait_objects)]` on by default
[INFO] [stdout]   = warning: this was previously accepted by the compiler but is being phased out; it will become a hard error in the 2021 edition!
[INFO] [stdout]   = note: for more information, see issue #80165 <https://github.com/rust-lang/rust/issues/80165>
[INFO] [stdout] 
[INFO] [stdout] 
[INFO] [stdout] error: aborting due to 3 previous errors; 13 warnings emitted
[INFO] [stdout] 
[INFO] [stdout] 
[INFO] [stdout] Some errors have detailed explanations: E0252, E0432, E0583.
[INFO] [stdout] 
[INFO] [stdout] For more information about an error, try `rustc --explain E0252`.
[INFO] [stdout] 
[INFO] [stderr] error: could not compile `newsfeed`
[INFO] [stderr] 
[INFO] [stderr] To learn more, run the command again with --verbose.
[INFO] running `Command { std: "docker" "inspect" "208438c4bb63a49fdadf42bea5a08eaf88fa7513634e5bcdaa0726f2527426ba", kill_on_drop: false }`
[INFO] running `Command { std: "docker" "rm" "-f" "208438c4bb63a49fdadf42bea5a08eaf88fa7513634e5bcdaa0726f2527426ba", kill_on_drop: false }`
[INFO] [stdout] 208438c4bb63a49fdadf42bea5a08eaf88fa7513634e5bcdaa0726f2527426ba
